{"id":1814,"date":"2021-09-22T18:14:38","date_gmt":"2021-09-22T16:14:38","guid":{"rendered":"https:\/\/betty-bbq.com\/cms\/?page_id=1814"},"modified":"2021-10-15T00:31:15","modified_gmt":"2021-10-14T22:31:15","slug":"unser-stadion","status":"publish","type":"page","link":"https:\/\/betty-bbq.com\/cms\/unser-stadion\/","title":{"rendered":"UNSER STADION &#8211; Fu\u00dfball-Hymne"},"content":{"rendered":"[vc_row css_animation=&#8221;bounceInDown&#8221;][vc_column][vc_single_image image=&#8221;1816&#8243; css_animation=&#8221;fadeInDown&#8221;][\/vc_column][\/vc_row][vc_row max_width=&#8221;70&#8243;][vc_column][vc_column_text]\n<h1 style=\"text-align: center;\"><span style=\"color: #c1272d;\"><strong><span style=\"font-size: 32px;\">UNSER STADION<\/span><\/strong><\/span><\/h1>\n<div class=\"wpb_text_column wpb_content_element \">\n<div class=\"wpb_wrapper\">\n<p style=\"text-align: center;\"><strong>Betty BBQ &amp; Schromme Schlachtschiff<\/strong><\/p>\n<p style=\"text-align: center;\"><em><strong>Die neue Fu\u00dfball-Fan-Hymne zum neuen Freiburger Fu\u00dfballstadion \u201cEuropa-Park Stadion\u201d.<\/strong><\/em><\/p>\n<p class=\"basecontent-line-break-text\">Aus der gemeinsamen Vorfreude auf das neue Freiburger Fu\u00dfballstadion und der tief empfunden Verbundenheit mit dem heimischen SC Freiburg haben Betty BBQ und Schromme Schlachtschiff <strong>dieses neue Lied als Geschenk an die Freiburger SC-Fans und alle Menschen, die sich ebenso auf das neue Fu\u00dfballstadion freuen<\/strong>, gedichtet, komponiert und interpretiert\/eingesungen.<\/p>\n<\/div>\n<p>Diese Produktion ist eine Kooperation zwischen dem Entertainment-Unternehmen Betty BBQ Travestie &amp; Entertainment aus Freiburg, dem Unternehmen hinter der Schwarzwald Drag Queen Betty BBQ, und dem talentierten und kreativen Partys\u00e4nger\u00a0 \u201cSchromme Schlachtschiff\u201d aus Freiburg. Hierbei tritt \u201cSchromme\u201d stets mit Pudelmaske auf.<\/p>\n<\/div>\n[\/vc_column_text][vc_empty_space height=&#8221;40&#8243;][vc_column_text]\n<h3 style=\"text-align: center;\"><a href=\"https:\/\/ampl.ink\/83lz5\" target=\"_blank\" rel=\"noopener\"><span style=\"color: #800000;\">&gt;&gt; Verf\u00fcgbar auf allen bekannten Download &amp; Streamingportalen! &lt;&lt;<\/span><\/a><\/h3>\n[\/vc_column_text][vc_empty_space height=&#8221;40&#8243;][vc_single_image image=&#8221;1818&#8243; css_animation=&#8221;bounceInDown&#8221; onclick=&#8221;custom_link&#8221; img_link_target=&#8221;_blank&#8221; link=&#8221;https:\/\/ampl.ink\/pxyr4&#8243;][vc_empty_space height=&#8221;40&#8243;][vc_video link=&#8221;https:\/\/youtu.be\/iTTCkSxIBwU&#8221; title=&#8221;Unser Stadion &#8211; Betty BBQ &amp; Schromme Schlachtschiff&#8221;][vc_empty_space height=&#8221;40&#8243;][vc_column_text]\n<div class=\"wpb_text_column wpb_content_element \">\n<div class=\"wpb_wrapper\">\n<p class=\"basecontent-line-break-text\"><strong>Interesse an der Buchung von Schromme Schlachtschiff? <\/strong><\/p>\n<p class=\"basecontent-line-break-text\">Gerne vermitteln wir den Kontakt und die Buchung.\u00a0 Kontaktieren Sie uns gerne \u00fcber unser <a href=\"https:\/\/betty-bbq.com\/cms\/kontakt\/\" target=\"_blank\" rel=\"noopener\">Kontaktformular<\/a> oder per E-Mail an info@betty-bbq.de.<\/p>\n<\/div>\n<\/div>\n<p>&nbsp;<\/p>\n<p>Schromme Schlachtschiff auf<\/p>\n<ul>\n<li><a href=\"https:\/\/www.instagram.com\/schrommeschlachtschiff\/?hl=de\">Instagram<\/a><\/li>\n<li><a href=\"https:\/\/www.youtube.com\/channel\/UCPujDBLcQicjJ6ooJRwewHg\">YouTube<\/a><\/li>\n<li><a href=\"https:\/\/open.spotify.com\/artist\/5VkZaX5keVEmcgVTQgH3tb\">Spotify<\/a><\/li>\n<li><a href=\"https:\/\/music.apple.com\/us\/artist\/schromme-schlachtschiff\/1476455724\">AppleMusic<\/a><\/li>\n<\/ul>\n[\/vc_column_text][vc_empty_space height=&#8221;40&#8243;][vc_empty_space height=&#8221;40&#8243;][vc_empty_space height=&#8221;40&#8243;][vc_column_text]<span style=\"color: #000000; font-size: 14px;\"><strong>Credits:<\/strong><\/span><br \/>\n<span style=\"font-size: 12px; color: #000000;\">Titel: Unser Stadion<\/span><br \/>\n<span style=\"font-size: 12px; color: #000000;\">Interpret: Betty BBQ, Schromme Schlachtschiff<\/span><br \/>\n<span style=\"font-size: 12px; color: #000000;\">L\u00e4nge Track: 03:01 min<\/span><\/p>\n<p>&nbsp;<\/p>\n<p><span style=\"color: #000000;\"><strong><span style=\"font-size: 12px;\">Label Betty BBQ &amp; Schromme Schlachtschiff<\/span><\/strong><\/span><br \/>\n<span style=\"font-size: 12px; color: #000000;\">ISRC: DEZC62127118 <\/span><\/p>\n<p><span style=\"font-size: 12px; color: #000000;\">GTIN\/EAN\/UPC: 4064832727531 <\/span><\/p>\n<p><span style=\"font-size: 12px; color: #000000;\">Release 2021-10-01 Streamingstart 2021-10-01<\/span><\/p>\n<p>&nbsp;<\/p>\n<p><span style=\"color: #000000;\"><strong><span style=\"font-size: 12px;\">Prdouziert von Betty BBQ &amp; Schromme Schlachtschiff @ TONPONY Studios Emmendingen<\/span><\/strong><\/span><br \/>\n<span style=\"font-size: 12px; color: #000000;\">Ver\u00f6ffentlicht von Betty BBQ &amp; Schromme Schlachtschiff<\/span><br \/>\n<span style=\"font-size: 12px; color: #000000;\">\u2117 Betty BBQ &amp; Schromme Schlachtschiff 2021<\/span><br \/>\n<span style=\"font-size: 12px; color: #000000;\">\u00a9 Betty BBQ &amp; Schromme Schlachtschiff<\/span><\/p>\n<p><span style=\"color: #000000;\"><strong><span style=\"font-size: 12px;\">Komponiert, gedichtet und gesungen von Betty BBQ &amp; Schromme Schlachtschiff.<\/span><\/strong><\/span><\/p>\n<p>&nbsp;<\/p>\n<p><span style=\"font-size: 12px; color: #000000;\"><strong>Cover\/Design<\/strong><\/span><br \/>\n<span style=\"font-size: 12px; color: #000000;\">\u2117 Betty BBQ Travestie &amp; Entertainment 2021<\/span><br \/>\n<span style=\"font-size: 12px; color: #000000;\">\u00a9 Betty BBQ, Foerb&#8217;s Design<\/span><\/p>\n<p>&nbsp;<\/p>\n<p><strong><span style=\"font-size: 12px; font-family: georgia, palatino;\">Video\u00a0<\/span><\/strong><\/p>\n<p><span style=\"font-size: 12px; font-family: georgia, palatino;\">Produziert von Betty BBQ, Schromme Schlachtschiff, WASP.MP4 @ Freiburg &amp; Kirchzarten <\/span><\/p>\n<p><span style=\"font-size: 12px; font-family: georgia, palatino;\">Ver\u00f6ffentlicht von Betty BBQ Travestie &amp; Entertainment &amp; Schromme Schlachtschiff <\/span><\/p>\n<p><span style=\"font-size: 12px; font-family: georgia, palatino;\">\u2117 Betty BBQ Travestie &amp; Entertainment, Schromme Schlachtschiff 2021 <\/span><\/p>\n<p><span style=\"font-size: 12px; font-family: georgia, palatino;\">\u00a9 WASP.MP4, Betty BBQ, Schromme Schlachtschiff<\/span>[\/vc_column_text][\/vc_column][\/vc_row]\n","protected":false},"excerpt":{"rendered":"<p>[vc_row css_animation=&#8221;bounceInDown&#8221;][vc_column][vc_single_image image=&#8221;1816&#8243; css_animation=&#8221;fadeInDown&#8221;][\/vc_column][\/vc_row][vc_row max_width=&#8221;70&#8243;][vc_column][vc_column_text] UNSER STADION Betty BBQ &amp; Schromme Schlachtschiff Die neue Fu\u00dfball-Fan-Hymne zum neuen Freiburger Fu\u00dfballstadion \u201cEuropa-Park Stadion\u201d. Aus der gemeinsamen Vorfreude auf das neue Freiburger Fu\u00dfballstadion und der tief empfunden Verbundenheit mit dem heimischen SC Freiburg&hellip;<\/p>\n","protected":false},"author":1,"featured_media":0,"parent":0,"menu_order":0,"comment_status":"closed","ping_status":"closed","template":"","meta":{"footnotes":""},"class_list":["post-1814","page","type-page","status-publish","hentry","entry","no-media"],"yoast_head":"<!-- This site is optimized with the Yoast SEO plugin v27.5 - https:\/\/yoast.com\/product\/yoast-seo-wordpress\/ -->\n<title>UNSER STADION - Fu\u00dfball-Hymne - Betty BBQ<\/title>\n<meta name=\"description\" content=\"Die neue Fu\u00dfball-Fan-Hymne zum neuen Freiburger Fu\u00dfballstadion \u201cEuropa-Park Stadion\u201d. Aus der gemeinsamen Vorfreude auf das neue Freiburger Fu\u00dfballstadion und der tief empfunden Verbundenheit mit dem heimischen SC Freiburg haben Betty BBQ und Schromme Schlachtschiff dieses neue Lied als Geschenk an die Freiburger SC-Fans und alle Menschen, die sich ebenso auf das neue Fu\u00dfballstadion freuen, ver\u00f6ffentlicht.\" \/>\n<meta name=\"robots\" content=\"index, follow, max-snippet:-1, max-image-preview:large, max-video-preview:-1\" \/>\n<link rel=\"canonical\" href=\"https:\/\/betty-bbq.com\/cms\/unser-stadion\/\" \/>\n<meta property=\"og:locale\" content=\"de_DE\" \/>\n<meta property=\"og:type\" content=\"article\" \/>\n<meta property=\"og:title\" content=\"UNSER STADION - Fu\u00dfball-Hymne - Betty BBQ\" \/>\n<meta property=\"og:description\" content=\"Die neue Fu\u00dfball-Fan-Hymne zum neuen Freiburger Fu\u00dfballstadion \u201cEuropa-Park Stadion\u201d. Aus der gemeinsamen Vorfreude auf das neue Freiburger Fu\u00dfballstadion und der tief empfunden Verbundenheit mit dem heimischen SC Freiburg haben Betty BBQ und Schromme Schlachtschiff dieses neue Lied als Geschenk an die Freiburger SC-Fans und alle Menschen, die sich ebenso auf das neue Fu\u00dfballstadion freuen, ver\u00f6ffentlicht.\" \/>\n<meta property=\"og:url\" content=\"https:\/\/betty-bbq.com\/cms\/unser-stadion\/\" \/>\n<meta property=\"og:site_name\" content=\"Betty BBQ\" \/>\n<meta property=\"article:modified_time\" content=\"2021-10-14T22:31:15+00:00\" \/>\n<meta name=\"twitter:card\" content=\"summary_large_image\" \/>\n<meta name=\"twitter:label1\" content=\"Gesch\u00e4tzte Lesezeit\" \/>\n\t<meta name=\"twitter:data1\" content=\"2\u00a0Minuten\" \/>\n<script type=\"application\/ld+json\" class=\"yoast-schema-graph\">{\"@context\":\"https:\\\/\\\/schema.org\",\"@graph\":[{\"@type\":\"WebPage\",\"@id\":\"https:\\\/\\\/betty-bbq.com\\\/cms\\\/unser-stadion\\\/\",\"url\":\"https:\\\/\\\/betty-bbq.com\\\/cms\\\/unser-stadion\\\/\",\"name\":\"UNSER STADION - Fu\u00dfball-Hymne - Betty BBQ\",\"isPartOf\":{\"@id\":\"https:\\\/\\\/betty-bbq.com\\\/cms\\\/#website\"},\"datePublished\":\"2021-09-22T16:14:38+00:00\",\"dateModified\":\"2021-10-14T22:31:15+00:00\",\"description\":\"Die neue Fu\u00dfball-Fan-Hymne zum neuen Freiburger Fu\u00dfballstadion \u201cEuropa-Park Stadion\u201d. Aus der gemeinsamen Vorfreude auf das neue Freiburger Fu\u00dfballstadion und der tief empfunden Verbundenheit mit dem heimischen SC Freiburg haben Betty BBQ und Schromme Schlachtschiff dieses neue Lied als Geschenk an die Freiburger SC-Fans und alle Menschen, die sich ebenso auf das neue Fu\u00dfballstadion freuen, ver\u00f6ffentlicht.\",\"breadcrumb\":{\"@id\":\"https:\\\/\\\/betty-bbq.com\\\/cms\\\/unser-stadion\\\/#breadcrumb\"},\"inLanguage\":\"de\",\"potentialAction\":[{\"@type\":\"ReadAction\",\"target\":[\"https:\\\/\\\/betty-bbq.com\\\/cms\\\/unser-stadion\\\/\"]}]},{\"@type\":\"BreadcrumbList\",\"@id\":\"https:\\\/\\\/betty-bbq.com\\\/cms\\\/unser-stadion\\\/#breadcrumb\",\"itemListElement\":[{\"@type\":\"ListItem\",\"position\":1,\"name\":\"Startseite\",\"item\":\"https:\\\/\\\/betty-bbq.com\\\/cms\\\/\"},{\"@type\":\"ListItem\",\"position\":2,\"name\":\"UNSER STADION &#8211; Fu\u00dfball-Hymne\"}]},{\"@type\":\"WebSite\",\"@id\":\"https:\\\/\\\/betty-bbq.com\\\/cms\\\/#website\",\"url\":\"https:\\\/\\\/betty-bbq.com\\\/cms\\\/\",\"name\":\"Fr\u00e4ulein Betty BBQ - Schwarzwald Drag Queen, Schorlek\u00f6nigin, Entertainerin\",\"description\":\"Betty BBQ Travestie &amp; Entertainment\",\"publisher\":{\"@id\":\"https:\\\/\\\/betty-bbq.com\\\/cms\\\/#\\\/schema\\\/person\\\/6e6c45463a3cf44a5334be285fffb4b1\"},\"potentialAction\":[{\"@type\":\"SearchAction\",\"target\":{\"@type\":\"EntryPoint\",\"urlTemplate\":\"https:\\\/\\\/betty-bbq.com\\\/cms\\\/?s={search_term_string}\"},\"query-input\":{\"@type\":\"PropertyValueSpecification\",\"valueRequired\":true,\"valueName\":\"search_term_string\"}}],\"inLanguage\":\"de\"},{\"@type\":[\"Person\",\"Organization\"],\"@id\":\"https:\\\/\\\/betty-bbq.com\\\/cms\\\/#\\\/schema\\\/person\\\/6e6c45463a3cf44a5334be285fffb4b1\",\"name\":\"Betty BBQ\",\"image\":{\"@type\":\"ImageObject\",\"inLanguage\":\"de\",\"@id\":\"https:\\\/\\\/betty-bbq.com\\\/cms\\\/wp-content\\\/uploads\\\/2018\\\/10\\\/BettyBBQ-Logo.png\",\"url\":\"https:\\\/\\\/betty-bbq.com\\\/cms\\\/wp-content\\\/uploads\\\/2018\\\/10\\\/BettyBBQ-Logo.png\",\"contentUrl\":\"https:\\\/\\\/betty-bbq.com\\\/cms\\\/wp-content\\\/uploads\\\/2018\\\/10\\\/BettyBBQ-Logo.png\",\"width\":365,\"height\":365,\"caption\":\"Betty BBQ\"},\"logo\":{\"@id\":\"https:\\\/\\\/betty-bbq.com\\\/cms\\\/wp-content\\\/uploads\\\/2018\\\/10\\\/BettyBBQ-Logo.png\"},\"sameAs\":[\"http:\\\/\\\/www.betty-bbq.de\"]}]}<\/script>\n<!-- \/ Yoast SEO plugin. -->","yoast_head_json":{"title":"UNSER STADION - Fu\u00dfball-Hymne - Betty BBQ","description":"Die neue Fu\u00dfball-Fan-Hymne zum neuen Freiburger Fu\u00dfballstadion \u201cEuropa-Park Stadion\u201d. Aus der gemeinsamen Vorfreude auf das neue Freiburger Fu\u00dfballstadion und der tief empfunden Verbundenheit mit dem heimischen SC Freiburg haben Betty BBQ und Schromme Schlachtschiff dieses neue Lied als Geschenk an die Freiburger SC-Fans und alle Menschen, die sich ebenso auf das neue Fu\u00dfballstadion freuen, ver\u00f6ffentlicht.","robots":{"index":"index","follow":"follow","max-snippet":"max-snippet:-1","max-image-preview":"max-image-preview:large","max-video-preview":"max-video-preview:-1"},"canonical":"https:\/\/betty-bbq.com\/cms\/unser-stadion\/","og_locale":"de_DE","og_type":"article","og_title":"UNSER STADION - Fu\u00dfball-Hymne - Betty BBQ","og_description":"Die neue Fu\u00dfball-Fan-Hymne zum neuen Freiburger Fu\u00dfballstadion \u201cEuropa-Park Stadion\u201d. Aus der gemeinsamen Vorfreude auf das neue Freiburger Fu\u00dfballstadion und der tief empfunden Verbundenheit mit dem heimischen SC Freiburg haben Betty BBQ und Schromme Schlachtschiff dieses neue Lied als Geschenk an die Freiburger SC-Fans und alle Menschen, die sich ebenso auf das neue Fu\u00dfballstadion freuen, ver\u00f6ffentlicht.","og_url":"https:\/\/betty-bbq.com\/cms\/unser-stadion\/","og_site_name":"Betty BBQ","article_modified_time":"2021-10-14T22:31:15+00:00","twitter_card":"summary_large_image","twitter_misc":{"Gesch\u00e4tzte Lesezeit":"2\u00a0Minuten"},"schema":{"@context":"https:\/\/schema.org","@graph":[{"@type":"WebPage","@id":"https:\/\/betty-bbq.com\/cms\/unser-stadion\/","url":"https:\/\/betty-bbq.com\/cms\/unser-stadion\/","name":"UNSER STADION - Fu\u00dfball-Hymne - Betty BBQ","isPartOf":{"@id":"https:\/\/betty-bbq.com\/cms\/#website"},"datePublished":"2021-09-22T16:14:38+00:00","dateModified":"2021-10-14T22:31:15+00:00","description":"Die neue Fu\u00dfball-Fan-Hymne zum neuen Freiburger Fu\u00dfballstadion \u201cEuropa-Park Stadion\u201d. Aus der gemeinsamen Vorfreude auf das neue Freiburger Fu\u00dfballstadion und der tief empfunden Verbundenheit mit dem heimischen SC Freiburg haben Betty BBQ und Schromme Schlachtschiff dieses neue Lied als Geschenk an die Freiburger SC-Fans und alle Menschen, die sich ebenso auf das neue Fu\u00dfballstadion freuen, ver\u00f6ffentlicht.","breadcrumb":{"@id":"https:\/\/betty-bbq.com\/cms\/unser-stadion\/#breadcrumb"},"inLanguage":"de","potentialAction":[{"@type":"ReadAction","target":["https:\/\/betty-bbq.com\/cms\/unser-stadion\/"]}]},{"@type":"BreadcrumbList","@id":"https:\/\/betty-bbq.com\/cms\/unser-stadion\/#breadcrumb","itemListElement":[{"@type":"ListItem","position":1,"name":"Startseite","item":"https:\/\/betty-bbq.com\/cms\/"},{"@type":"ListItem","position":2,"name":"UNSER STADION &#8211; Fu\u00dfball-Hymne"}]},{"@type":"WebSite","@id":"https:\/\/betty-bbq.com\/cms\/#website","url":"https:\/\/betty-bbq.com\/cms\/","name":"Fr\u00e4ulein Betty BBQ - Schwarzwald Drag Queen, Schorlek\u00f6nigin, Entertainerin","description":"Betty BBQ Travestie &amp; Entertainment","publisher":{"@id":"https:\/\/betty-bbq.com\/cms\/#\/schema\/person\/6e6c45463a3cf44a5334be285fffb4b1"},"potentialAction":[{"@type":"SearchAction","target":{"@type":"EntryPoint","urlTemplate":"https:\/\/betty-bbq.com\/cms\/?s={search_term_string}"},"query-input":{"@type":"PropertyValueSpecification","valueRequired":true,"valueName":"search_term_string"}}],"inLanguage":"de"},{"@type":["Person","Organization"],"@id":"https:\/\/betty-bbq.com\/cms\/#\/schema\/person\/6e6c45463a3cf44a5334be285fffb4b1","name":"Betty BBQ","image":{"@type":"ImageObject","inLanguage":"de","@id":"https:\/\/betty-bbq.com\/cms\/wp-content\/uploads\/2018\/10\/BettyBBQ-Logo.png","url":"https:\/\/betty-bbq.com\/cms\/wp-content\/uploads\/2018\/10\/BettyBBQ-Logo.png","contentUrl":"https:\/\/betty-bbq.com\/cms\/wp-content\/uploads\/2018\/10\/BettyBBQ-Logo.png","width":365,"height":365,"caption":"Betty BBQ"},"logo":{"@id":"https:\/\/betty-bbq.com\/cms\/wp-content\/uploads\/2018\/10\/BettyBBQ-Logo.png"},"sameAs":["http:\/\/www.betty-bbq.de"]}]}},"jetpack_sharing_enabled":true,"_links":{"self":[{"href":"https:\/\/betty-bbq.com\/cms\/wp-json\/wp\/v2\/pages\/1814","targetHints":{"allow":["GET"]}}],"collection":[{"href":"https:\/\/betty-bbq.com\/cms\/wp-json\/wp\/v2\/pages"}],"about":[{"href":"https:\/\/betty-bbq.com\/cms\/wp-json\/wp\/v2\/types\/page"}],"author":[{"embeddable":true,"href":"https:\/\/betty-bbq.com\/cms\/wp-json\/wp\/v2\/users\/1"}],"replies":[{"embeddable":true,"href":"https:\/\/betty-bbq.com\/cms\/wp-json\/wp\/v2\/comments?post=1814"}],"version-history":[{"count":9,"href":"https:\/\/betty-bbq.com\/cms\/wp-json\/wp\/v2\/pages\/1814\/revisions"}],"predecessor-version":[{"id":1840,"href":"https:\/\/betty-bbq.com\/cms\/wp-json\/wp\/v2\/pages\/1814\/revisions\/1840"}],"wp:attachment":[{"href":"https:\/\/betty-bbq.com\/cms\/wp-json\/wp\/v2\/media?parent=1814"}],"curies":[{"name":"wp","href":"https:\/\/api.w.org\/{rel}","templated":true}]}}